. Let a be b(-3). Suppose a = -6*v + 120 - 102. What are the prime factors of v?
3
Let c = -141 + 93. Let t be (-200)/c + 1/(-6). Suppose 4*r - 5*r = -t. What are the prime factors of r?
2
Let t = -3228 + 4597. What are the prime factors of t?
37
List the prime factors of (58986/145)/((-27)/(-1440)).
2, 3, 113
Suppose -6*z + 1275 = -1191. Let q = z + -196. What are the prime factors of q?
5, 43
Let z be ((-304)/(-152))/((-1)/(-712)*2). Suppose -2*r + 3*x = -z, 3*x = 2*x - 2. What are the prime factors of r?
353
Let u(o) be the first derivative of 5*o + 7/2*o**2 + 12. List the prime factors of u(7).
2, 3
Let g(p) = 181*p + 2722. Let y be g(-15). Suppose -3*i + 1 = -14. Suppose -i*m = -3 - y. List the prime factors of m.
2
Let f(z) = -5844*z - 5753. List the prime factors of f(-7).
5, 79, 89
Let w(c) = 5*c**2 + 21*c + 20. Let u = 8 + -14. List the prime factors of w(u).
2, 37
Suppose -l + c = 2, 4*l + 2 = 7*c - 6*c. Suppose 8*d + 2*d - 3610 = l. List the prime factors of d.
19
Suppose 32*i - 41*i = -1701. List the prime factors of i.
3, 7
What are the prime factors of 27*4/144 - (-136818)/8?
3, 5701
Let n = -7710 - -12081. Suppose 24*j - n = 21*j. What are the prime factors of j?
31, 47
Suppose -3*n + 10 = 5*a, -3*a = n + 2*n - 12. Let b be (0/(1 - (n - 2)))/2. Suppose b = -8*m + 353 + 343. What are the prime factors of m?
3, 29
Suppose 0 = -2*i + i - 2, 2*x = 5*i + 29832. What are the prime factors of x?
13, 31, 37
Suppose 0 = -l - 4*k - 19, k + 4*k = -25. Let g(h) = h**2 - 11*h - 59. Let x be g(-4). What are the prime factors of x*8/16*132/l?
2, 3, 11
Suppose 5*n + 2*m - 122 = 0, -118 = -5*n + 5*m - 3*m. Suppose -n*l + 22*l = 56. What are the prime factors of ((-35)/10 - -2)*l?
2, 3, 7
Let w(c) = -5*c - 1. Let p be w(-5). Let m(n) = -749*n - 739. Let k be m(-1). Let d = p - k. What are the prime factors of d?
2, 7
Let x = -295 - -304. Let k(b) = 30*b - 44. What are the prime factors of k(x)?
2, 113
Let b = 29742 + -18045. What are the prime factors of b?
3, 7, 557
Let k = -1699 + 2994. Suppose 0 = 8*j + k - 8527. List the prime factors of j.
2, 113
Let c(b) = b + 1. Let w(h) = -149*h + 21. Let f(z) = -4*c(z) + w(z). Let u be f(-5). What are the prime factors of (u/(-69))/((-1)/3)?
2, 17
Let w(x) = 10*x**2 + 28*x + 59. What are the prime factors of w(16)?
3067
Let d be (-2)/15 - (-14938)/210. Let j = 709 - d. What are the prime factors of j?
2, 11, 29
Suppose 0 = 3*k - 85*k + 5681037 - 1846881. What are the prime factors of k?
2, 3, 7793
Let i(p) = -9*p**3 - 7*p**2 + 8*p - 7. Let c be i(6). Let g = -1035 - c. What are the prime factors of g?
2, 5, 7
Let r = -30 - -32. Let z = 166 + -82. Suppose -3*q = -r*k - z, k = -2*q + 35 + 14. What are the prime factors of q?
2, 13
Let d = 27686 - 16551. List the prime factors of d.
5, 17, 131
Let f be 120/(-3)*(-8)/(-16). Let p = -14 - f. Let y(k) = 2*k**2 - 5*k + 2. List the prime factors of y(p).
2, 11
Let w be 3/(-1) - (1 + 19)/(-1). Let s(y) = 17*y + 29. Let q(h) = 51*h + 86. Let d(x) = w*s(x) - 6*q(x). List the prime factors of d(-6).
79
Let u(g) = 4*g**2 - 3*g - 8. Let l be u(2). Suppose l*p + 60 - 130 = 0. What are the prime factors of p?
5, 7
Let o be (42/(-9))/(12/54). Let q be (14/o)/((-10)/3 - -3). List the prime factors of (q/(-2))/(8/(-136)).
17
Let l(a) = -3*a + a**2 + 3*a**2 - 2*a - 8. Let u(i) = 3*i - 14. Let g be u(4). What are the prime factors of l(g)?
2, 3
Let t(x) = 1345*x + 339. List the prime factors of t(5).
2, 883
Let n(z) = -16*z + 27. Let f(i) = 33*i - 53. Let x(g) = 2*f(g) + 5*n(g). Let w be x(14). What are the prime factors of (-4 + (2 - -1))*w?
167
Let j = 1124 + -136. Let k = 2078 - j. What are the prime factors of k?
2, 5, 109
Let r = -711 - -689. List the prime factors of (-4)/r - (10 - 17232/88).
2, 3, 31
Let v(h) = 138*h**2 - 4*h + 4. Let m(w) = -13*w + 8. Let d be m(9). Let a = d + 110. What are the prime factors of v(a)?
2, 3, 23
Suppose -7*n = 32 + 59. Suppose 4*l - 3*i + 332 = 0, 5*l - 2*i = 2*i - 415. What are the prime factors of -11 - n - 1*l?
5, 17
Suppose -59*r = -2713689 + 291208. List the prime factors of r.
19, 2161
Let x(k) = -1718*k + 842. List the prime factors of x(-5).
2, 3, 131
Let g be (-308)/(-16) + 15/20. Let c = -38 + g. What are the prime factors of c/81 - 1300/(-18)?
2, 3
Let p(c) = -550*c**3 - 4*c**2 + 5*c - 6. Let m be p(2). Let k = -3092 - m. List the prime factors of k.
2, 3, 5, 11
Let i(d) = d**3 + 6*d**2 + 5*d - 3. Let c be i(-3). Suppose 2*k + k = c. Suppose 0*z = -q + z + 43, -k*z = -12. What are the prime factors of q?
47
Let f(j) = 4 - 7333*j + 34 + 7337*j. Let q be f(-12). What are the prime factors of (-358)/(-4) - ((-65)/q + -5)?
2, 11
Let x(l) = -592*l**3 + 2*l**2 - 72*l - 159. List the prime factors of x(-2).
4729
Let i be (-621024)/(-276) - (-2)/(-23). Suppose -742 = -11*t + i. List the prime factors of t.
2, 17
Let r = -79 + 51. Let s(n) = -3*n**2 - 23*n - 6. Let t be s(-5). Let v = t + r. What are the prime factors of v?
2, 3
Let c be 2/6 + (-16198)/(-78). Let d = c + -202. What are the prime factors of d?
2, 3
Let l = 243 + -235. Suppose 0 = -15*k + l*k + 455. List the prime factors of k.
5, 13
Let s = -35 + 41. Suppose 3*y - s*y + i = -137, 0 = 2*y - 2*i - 86. Suppose 3*u + w - y = -0*u, 0 = 3*u - 2*w - 59. What are the prime factors of u?
17
Let w(s) = 52*s + 37. Let k = -150 - -156. What are the prime factors of w(k)?
349
Let t be (2/(-6)*-2)/((-12)/(-180)). Suppose -7*p = -12*p + t. Suppose x + p*u = 107, u - 367 = -4*x + 26. List the prime factors of x.
97
Suppose -36 - 16 = -13*l. Suppose 0*q - 5*m = 3*q - 18, 5*q - 43 = -l*m. Suppose 3*s = q*s - 1552. What are the prime factors of s?
2, 97
Suppose 0 = -f + 4, 3*h + 9 = 2*f - 179. Let t be (3 - 46/10)*h. What are the prime factors of (2/6)/(1/t)?
2
Suppose 13731493 = 249*j - 3040898. List the prime factors of j.
3, 22453
Let c(v) = 2*v - 57. Let k be c(24). What are the prime factors of -1 + (-6)/k + (-4888)/(-12)?
11, 37
Let q be (2844/(-5))/(-9)*(-10)/(-4). Suppose -w + q - 22 = -2*h, 4*h - 304 = -2*w. What are the prime factors of w?
2, 3
Let t(v) = -436*v**3 - v - 2. Suppose 3 - 1 = -2*z. Let k be t(z). Suppose -5*i - x + 79 = -356, -k = -5*i + 3*x. List the prime factors of i.
3, 29
Suppose -l - 2*s = l - 2600, 6 = 3*s. What are the prime factors of l?
2, 11, 59
Let q(d) = d**3 - 15*d**2 + 27*d - 11. Let i be q(13). Suppose i*s - 18 = 2*k, 3*s - 46 + 15 = 4*k. Suppose 11*g = s*g + 1500. What are the prime factors of g?
2, 5
Let c = -24 + 26. Let j(m) = -c*m + 52 + m**2 + m - 67. What are the prime factors of j(12)?
3, 13
Let s = 10 + -7. Suppose 0*c = -3*c + 4*c - 346. Suppose c = -s*o + 7*o + 3*y, -3*o + 258 = 3*y. What are the prime factors of o?
2, 11
Let f be 18/(-12) - (-452)/(-8). Let j = 91 + f. Let s = j + 51. List the prime factors of s.
2, 3, 7
Let r be 3/(-9) - (4 + (-11030)/15). Let b = r + 615. What are the prime factors of b?
2, 673
Let i be (-2)/9 + 2325/135. Suppose 12*u - i*u + 1885 = 0. What are the prime factors of u?
13, 29
Let b(f) = f**3 - 17*f**2 - f - 32. Let t be b(16). List the prime factors of ((-165)/132)/(2/t).
2, 5, 19
Suppose -24*o + 146573 - 12653 = 0. List the prime factors of o.
2, 3, 5, 31
Let i be (5 - 0)*12/20. Let x(w) = 6*w - 3. Let u be x(i). Suppose 9*a - u*a = -228. List the prime factors of a.
2, 19
What are the prime factors of 8/10 - -29522*(-18)/(-180)?
2953
Let d(r) = -r**2 + 7*r - 9. Let p(n) = n**3 - 4*n**2 + 4*n - 12. Let h be p(4). Let w be d(h). Suppose -53 = -w*u + 64. What are the prime factors of u?
3, 13
Let b = 22859 - -14773. What are the prime factors of b?
2, 3, 7
Let r be (-28 - 0)/((-6)/3). Let l = 24 - r. Suppose -l*u + 17*u = 357. What are the prime factors of u?
3, 17
Let a = 5806 - -16996. What are the prime factors of a?
2, 13, 877
Let f(h) = -91*h - 2. Let k(r) = -r - 11. Let o be k(-10). Let w be f(o). Suppose 21*c - 22*c = -w. List the prime factors of c.
89
Let z = 26 + -14. Let u(n) = -10 + 6 - 18*n - z - n**2. List the prime factors of u(-10).
2
Suppose 40*b + 33*b = 23*b + 1529050. List the prime factors of b.
53, 577
Let p = -311 - -320. Suppose 2515 + 896 = p*z. What are the prime factors of z?
379
Let q = -3439 + 17133. List the prime factors of q.
2, 41, 167
Let g be 3 - 1 - (-7 - -2). S